{"id":657,"date":"2025-03-28T21:35:26","date_gmt":"2025-03-28T21:35:26","guid":{"rendered":"https:\/\/www.indigo-akg.hu\/esemenyek\/arkad-tavaszi-vasar\/"},"modified":"2025-06-13T16:51:47","modified_gmt":"2025-06-13T16:51:47","slug":"arkad-tavaszi-vasar","status":"publish","type":"esemenyek","link":"https:\/\/www.indigo-akg.hu\/en\/esemenyek\/arkad-tavaszi-vasar\/","title":{"rendered":"Spring Fair at \u00c1rk\u00e1d"},"content":{"rendered":"<h1>V\u00e1s\u00e1r az \u00c1rk\u00e1dban<\/h1>\n<p>Gyertek el az \u00e1rk\u00e1dba m\u00e1rcius 29-\u00e9n, ahol az \u00faj fejleszt\u00e9s\u00fcnket is kipr\u00f3b\u00e1lhatj\u00e1tok!<\/p>\n","protected":false},"featured_media":0,"template":"","meta":{"_acf_changed":false,"_breakdance_hide_in_design_set":false,"_breakdance_tags":""},"class_list":["post-657","esemenyek","type-esemenyek","status-publish","hentry"],"acf":[],"_links":{"self":[{"href":"https:\/\/www.indigo-akg.hu\/en\/wp-json\/wp\/v2\/esemenyek\/657","targetHints":{"allow":["GET"]}}],"collection":[{"href":"https:\/\/www.indigo-akg.hu\/en\/wp-json\/wp\/v2\/esemenyek"}],"about":[{"href":"https:\/\/www.indigo-akg.hu\/en\/wp-json\/wp\/v2\/types\/esemenyek"}],"wp:attachment":[{"href":"https:\/\/www.indigo-akg.hu\/en\/wp-json\/wp\/v2\/media?parent=657"}],"curies":[{"name":"wp","href":"https:\/\/api.w.org\/{rel}","templated":true}]}}

Spring Fair at Árkád

<h1>Vásár az Árkádban</h1>
<p>Gyertek el az árkádba március 29-én, ahol az új fejlesztésünket is kipróbálhatjátok!</p>
