{"id":707,"date":"2024-12-03T09:24:12","date_gmt":"2024-12-03T09:24:12","guid":{"rendered":"https:\/\/www.indigo-akg.hu\/esemenyek\/akg-karacsonyi-vasar\/"},"modified":"2025-06-13T20:08:24","modified_gmt":"2025-06-13T20:08:24","slug":"akg-karacsonyi-vasar","status":"publish","type":"esemenyek","link":"https:\/\/www.indigo-akg.hu\/en\/esemenyek\/akg-karacsonyi-vasar\/","title":{"rendered":"AKG Christmas Fair"},"content":{"rendered":"<section class=\"bde-section-707-100 bde-section\">\n  \n  \n\t\n\n\n\n<div class=\"section-container\"><h1 class=\"bde-heading-707-101 bde-heading\">\nChristmas Fair at AKG\n<\/h1><div class=\"bde-text-707-102 bde-text\">\nTal\u00e1lkozz vel\u00fcnk 2024. december 7-\u00e9n az AKG-s kar\u00e1csonyi v\u00e1s\u00e1ron! Ne felejtsd el magaddal hozni r\u00e9gi farmereidet, mert kedvezm\u00e9nyt kapsz \u00e9rt\u00fck, ha leadod \u0151ket a v\u00e1s\u00e1ron kihelyezett gy\u0171jt\u0151pontunkn\u00e1l!\n<\/div><a class=\"bde-text-link-707-103 bde-text-link breakdance-link\" href=\"https:\/\/www.indigo-akg.hu\/gyujtopontok\/\" target=\"_self\" data-type=\"url\">\n  Gy\u0171jt\u0151pont\n\n<\/a><\/div>\n<\/section>","protected":false},"featured_media":0,"template":"","meta":{"_acf_changed":true,"_breakdance_hide_in_design_set":false,"_breakdance_tags":""},"class_list":["post-707","esemenyek","type-esemenyek","status-publish","hentry"],"acf":[],"_links":{"self":[{"href":"https:\/\/www.indigo-akg.hu\/en\/wp-json\/wp\/v2\/esemenyek\/707","targetHints":{"allow":["GET"]}}],"collection":[{"href":"https:\/\/www.indigo-akg.hu\/en\/wp-json\/wp\/v2\/esemenyek"}],"about":[{"href":"https:\/\/www.indigo-akg.hu\/en\/wp-json\/wp\/v2\/types\/esemenyek"}],"wp:attachment":[{"href":"https:\/\/www.indigo-akg.hu\/en\/wp-json\/wp\/v2\/media?parent=707"}],"curies":[{"name":"wp","href":"https:\/\/api.w.org\/{rel}","templated":true}]}}

<section class="bde-section-707-100 bde-section">
  
  
	



<div class="section-container"><h1 class="bde-heading-707-101 bde-heading">
Christmas Fair at AKG
</h1><div class="bde-text-707-102 bde-text">
Találkozz velünk 2024. december 7-én az AKG-s karácsonyi vásáron! Ne felejtsd el magaddal hozni régi farmereidet, mert kedvezményt kapsz értük, ha leadod őket a vásáron kihelyezett gyűjtőpontunknál!
</div><a class="bde-text-link-707-103 bde-text-link breakdance-link" href="https://www.indigo-akg.hu/gyujtopontok/" target="_self" data-type="url">
  Gyűjtőpont

</a></div>
</section>
