{"id":370,"date":"2024-12-04T22:04:02","date_gmt":"2024-12-04T22:04:02","guid":{"rendered":"https:\/\/www.indigo-akg.hu\/?post_type=esemenyek&#038;p=370"},"modified":"2024-12-04T22:07:05","modified_gmt":"2024-12-04T22:07:05","slug":"wamp-vasar","status":"publish","type":"esemenyek","link":"https:\/\/www.indigo-akg.hu\/hu\/esemenyek\/wamp-vasar\/","title":{"rendered":"WAMP v\u00e1s\u00e1r"},"content":{"rendered":"<section class=\"bde-section-370-100 bde-section\">\n  \n  \n\t\n\n\n\n<div class=\"section-container\"><h1 class=\"bde-heading-370-101 bde-heading\">\nWAMP v\u00e1s\u00e1r\n<\/h1><div class=\"bde-text-370-102 bde-text\">\nTal\u00e1lkozz vel\u00fcnk 2024. december 8-\u00e1n az Eifel m\u0171helyh\u00e1zban, a WAMP desing v\u00e1s\u00e1ron!\n<\/div><\/div>\n<\/section>","protected":false},"featured_media":0,"template":"","meta":{"_acf_changed":true,"_breakdance_hide_in_design_set":false,"_breakdance_tags":""},"class_list":["post-370","esemenyek","type-esemenyek","status-publish","hentry"],"acf":[],"_links":{"self":[{"href":"https:\/\/www.indigo-akg.hu\/hu\/wp-json\/wp\/v2\/esemenyek\/370","targetHints":{"allow":["GET"]}}],"collection":[{"href":"https:\/\/www.indigo-akg.hu\/hu\/wp-json\/wp\/v2\/esemenyek"}],"about":[{"href":"https:\/\/www.indigo-akg.hu\/hu\/wp-json\/wp\/v2\/types\/esemenyek"}],"wp:attachment":[{"href":"https:\/\/www.indigo-akg.hu\/hu\/wp-json\/wp\/v2\/media?parent=370"}],"curies":[{"name":"wp","href":"https:\/\/api.w.org\/{rel}","templated":true}]}}

WAMP vásár

<section class="bde-section-370-100 bde-section">
  
  
	



<div class="section-container"><h1 class="bde-heading-370-101 bde-heading">
WAMP vásár
</h1><div class="bde-text-370-102 bde-text">
Találkozz velünk 2024. december 8-án az Eifel műhelyházban, a WAMP desing vásáron!
</div></div>
</section>
