{"id":540,"date":"2025-03-28T21:35:26","date_gmt":"2025-03-28T21:35:26","guid":{"rendered":"https:\/\/www.indigo-akg.hu\/?post_type=esemenyek&#038;p=540"},"modified":"2025-03-28T22:26:19","modified_gmt":"2025-03-28T22:26:19","slug":"arkad-tavaszi-vasar","status":"publish","type":"esemenyek","link":"https:\/\/www.indigo-akg.hu\/hu\/esemenyek\/arkad-tavaszi-vasar\/","title":{"rendered":"\u00c1rk\u00e1d tavaszi v\u00e1s\u00e1r"},"content":{"rendered":"<section class=\"bde-section-540-100 bde-section\">\n  \n  \n\t\n\n\n\n<div class=\"section-container\"><h1 class=\"bde-heading-540-101 bde-heading\">\nV\u00e1s\u00e1r az \u00c1rk\u00e1dban\n<\/h1><div class=\"bde-text-540-102 bde-text\">\nGyertek el az \u00e1rk\u00e1dba m\u00e1rcius 29-\u00e9n, ahol az \u00faj fejleszt\u00e9s\u00fcnket is kipr\u00f3b\u00e1lhatj\u00e1tok!\n<\/div><\/div>\n<\/section>","protected":false},"featured_media":0,"template":"","meta":{"_acf_changed":true,"_breakdance_hide_in_design_set":false,"_breakdance_tags":""},"class_list":["post-540","esemenyek","type-esemenyek","status-publish","hentry"],"acf":[],"_links":{"self":[{"href":"https:\/\/www.indigo-akg.hu\/hu\/wp-json\/wp\/v2\/esemenyek\/540","targetHints":{"allow":["GET"]}}],"collection":[{"href":"https:\/\/www.indigo-akg.hu\/hu\/wp-json\/wp\/v2\/esemenyek"}],"about":[{"href":"https:\/\/www.indigo-akg.hu\/hu\/wp-json\/wp\/v2\/types\/esemenyek"}],"wp:attachment":[{"href":"https:\/\/www.indigo-akg.hu\/hu\/wp-json\/wp\/v2\/media?parent=540"}],"curies":[{"name":"wp","href":"https:\/\/api.w.org\/{rel}","templated":true}]}}

Árkád tavaszi vásár

<section class="bde-section-540-100 bde-section">
  
  
	



<div class="section-container"><h1 class="bde-heading-540-101 bde-heading">
Vásár az Árkádban
</h1><div class="bde-text-540-102 bde-text">
Gyertek el az árkádba március 29-én, ahol az új fejlesztésünket is kipróbálhatjátok!
</div></div>
</section>
